(3 - (-2 - -7))?
-2
What is 4 - (5 - (3 + -2)) - 8?
-8
What is -7 - 7 - -6 - -6?
-2
What is the value of 5 + -1 + 2 + -6 + 4?
4
-9 - (-8 - (-2 + -2))
-5
Calculate -3 + 3 - (0 + (-2 - -2)).
0
What is (3 - (-2 + 6) - -3) + 1?
3
Evaluate (0 - 0) + 1 + 1 + 3.
5
Calculate -8 + 1 - (-18 + (-2 - -16)).
-3
What is the value of (5 + (-1 - -3) - 4) + 3?
6
Evaluate 0 + 1 - (5 - 0).
-4
Evaluate 1 + (6 + -2 - 4) + 1.
2
What is the value of (2 - 10 - 0) + 39 + -35?
-4
What is 0 - (-3 + -2 - -7)?
-2
Calculate -3 + (-41 - -41) + (4 - 0).
1
Evaluate -1 + (0 + 2 - 1).
0
What is (-4 - 0) + (-29 - -38)?
5
Evaluate -1 + (52 - 48) + (0 - 3).
0
What is the value of 3 + -4 - -3 - (-1 - -1)?
2
Calculate (-6 - 3) + (-8 - -12).
-5
Calculate (2 - (1 + -5)) + 30 + -34.
2
What is (9 - (10 + -2)) + 0 + -6?
-5
(5 - 1) + (9 - (5 - -7))
1
What is the value of (-11 - -14) + (1 - 0)?
4
Calculate 8 - (-12 + 9 + 9).
2
What is the value of (-2 - -21) + -9 + -2?
8
Evaluate (-7 - -5) + (-12 - -2) + 6.
-6
Evaluate (-6 - 4) + 11 - 0.
1
Calculate -3 - 0 - (8 + -14).
3
Evaluate 4 + -9 + (-2 - -2) + -1.
-6
4 - (-19 + 18 + 0 + 5)
0
Evaluate 4 - (0 + 12 - 3).
-5
3 + -2 + 2 + 1
4
Evaluate (-17 - -17) + (-1 - 0).
-1
What is (-5 - -11 - 3) + 1?
4
What is (-2 - -16) + (-3 - 7)?
4
Evaluate 2 - (3 + 4 - 2).
-3
Evaluate -2 + 3 - (-4 + (10 - 3)).
-2
-7 - ((1 - -4) + -10 + -10)
8
Calculate 9 + -3 + 1 + -2.
5
Evaluate (-5 - (4 - 8)) + -2.
-3
Calculate 5 + -8 - (-4 - -1).
0
What is -12 + -7 + 14 - -10?
5
(9 + -2 - (0 - 1)) + -3
5
Evaluate 6 + (-13 - (-8 + 2)) - 3.
-4
Evaluate (-26 + -3 - -25) + (-1 - 0).
-5
What is the value of -53 - -55 - (1 + 1 + -1)?
1
What is 9 - (-6 - -17) - -6?
4
Calculate -42 + 36 - (0 - 11).
5
Calculate (-2 - 4 - -8) + -5.
-3
Evaluate -3 - -3 - (0 - -1).
-1
-3 + (7 - 4) + 2
2
What is the value of (0 - 10) + 15 + -3?
2
Calculate -1 - (5 + -13 + 4).
3
Evaluate 2 + -1 + (-1 + 4 - 1).
3
Calculate -1 - -1 - (-38 - -43).
-5
What is the value of -4 + (5 + 1 - -4) + -2?
4
What is (5 - (4 - (-1 + 4))) + -4?
0
Calculate (0 - 1) + 1 + -1.
-1
What is 1 + 2 + 2 + -11 + 7?
1
Evaluate (9 - 0) + -3 + -4 - -3.
5
What is 4 + -4 + -1 - (13 + -10)?
-4
What is the value of (4 - (-2 + -1)) + -2?
5
Evaluate 15 + -20 - (-4 + -1).
0
-3 + 1 + 0 + (-1 - 1)
-4
Evaluate -3 - (2 - (-5 + 5 + 1)).
-4
What is the value of 8 + -1 + -4 - 6?
-3
Evaluate -1 - -2 - 7 - -3 - 2.
-5
Evaluate 4 - 7 - (-10 + 6).
1
What is the value of (-6 - 2) + 2 - -4?
-2
What is the value of -4 + -7 + 3 + 3?
-5
Calculate (-8 - -22 - 0) + -7.
7
What is the value of -1 - 3 - -8 - 9?
-5
Evaluate (2 - -4) + (7 - 2) + -3.
8
Evaluate 5 - ((9 - 5) + 2).
-1
What is the value of 2 - 1 - (-6 + 10) - -5?
2
What is 0 - (-4 + (-7 - -6))?
5
Calculate -8 + (-1 - (-7 - 2)).
0
Evaluate -18 + 10 - (-10 + 0 - -5).
-3
What is the value of 3 + 0 + -3 - (4 + -2)?
-2
What is the value of -2 + 0 + -2 - (-37 - -29)?
4
What is the value of 1 - (1 + -1 + -3 + 6)?
-2
Evaluate -4 + (-2 - (-5 + -6)).
5
Calculate 0 + 1 - (-5 + 6 + -1).
1
What is -1 + (7 - 2) + -1?
3
What is -8 + 0 + -1 + 11?
2
(-1 - 0 - -4) + (-5 - 5)
-7
What is the value of -2 - -1 - (-3 - (-2 - -2))?
2
What is -3 + -4 + (2 - 0)?
-5
Evaluate 4 + (-14 - -24) - 14.
0
Evaluate 0 - (-1 - (1 + -1)).
1
What is -9 + (5 - 4) - -6?
-2
Evaluate (1 - (2 + -2)) + 0 + -5.
-4
Evaluate -2 - (1 - (3 - 7)).
-7
Evaluate 0 - (-2 + 5 + -4 + -1).
2
What is 1 + (-5 - -3) + 4?
3
What is -8 - (-4 - 0) - (1 - 1)?
-4
What is the value of -7 - -23 - 9 - 2?
5
Evaluate -8 + (7 - -1) + -4.
-4
-4 + (-4 - (-3 - 0) - 0)
-5
What is the value of -14 + 25 + -18 - (-1 - -1)?
-7
-2 - -1 - 2 - (-7 - -2)
2
10 - (0 - (-10 + 2))
2
Calculate 3 + (-19 - -11) - -1.
-4
2 - (-4 - (10 + -11))
5
What is the value of -1 - (0 + (5 - (6 - 4)))?
-4
Calculate -50 - -41 - (-1 + (4 - 2)).
-10
(-138 - -144) + (-4 - 0)
2
What is (1 - 3) + (6 - 4 - 4)?
-4
(-2 - (-6 + 9)) + 10
5
Evaluate -2 + 2 - (3 + -6).
3
What is (-2 - -1) + (38 - 42) - -4?
-1
What is the value of 63 + -63 - (-2 + 2 + -1)?
1
What is the value of 17 - (-4 + 10 + 5)?
6
What is 7 + -1 + -5 + (0 - 2)?
-1
2 + 2 + -2 + (-2 - 0)
0
Calculate -2 - (4 - 4) - 2.
-4
Evaluate -4 + (-4 - -13) + -7.
-2
What is 6 - (-3 + 12) - 0?
-3
Calculate -12 + 11 + (1 - 0).
0
What is the value of -2 + 9 + 0 + 1 + -5?
3
Evaluate 9 + -3 - ((1 - -1) + 0).
4
What is 9 + -7 + 0 + -3?
-1
(-1 - 1) + (8 - (9 - 0))
-3
What is the value of (-4 - -5) + -3 - 3?
-5
30 + -36 - (0 - 2)
-4
Calculate -2 - -8 - (2 - (1 - 4)).
1
Calculate -4 + (1 + 0 - (0 + 0)).
-3
What is (1 - -6 - 3) + (-1 - -2)?
5
What is -3 + (-2 + 2 - 1) + 7?
3
What is (2 - (1 + 0)) + 1?
2
What is the value of (4 - (6 - 7)) + -9?
-4
Evaluate -3 - ((5 - 0 - 6) + -5).
3
Calculate (8 - (1 - -7)) + -7.
-7
Calculate -46 + 34 + -3 + 16.
1
Evaluate -6 + (5 + -5 - -3) + 11.
8
Evaluate 8 + -8 + (-2 - -2) + 0.
0
What is 7 - ((1 - 7) + 30 - 7)?
-10
Calculate 4 - (8 - (-6 - -11)).
1
What is -7 + 11 - (-5 - -16)?
-7
What is the value of 4 + 6 + -16 - (3 + -6)?
-3
What is the value of 1 - 0 - (-4 + 11 + -3)?
-3
What is the value of (1 - (-3 - -5)) + 6?
5
Calculate 12 + (6 - 2) + -15.
1
Calculate 3 + (1 - 1) + 0 + -4.
-1
What is 1 + 2 - (-4 - -5 - -6)?
-4
What is -8 + 5 + -3 - (19 - 20)?
-5
Calculate (-2 - 2) + 4 - -1.
1
Evaluate -5 - ((-17 - -11) + -3).
4
What is (4 - 8) + 11 + -11?
-4
4 + -4 - (-9 + 6) - -1
4
Calculate 2 + 3 + -10 + 5.
0
Calculate -1 + 0 + 2 + -8.
-7
Calculate 7 - (-1 - (6 + -6) - -7).
1
What is -9 + -3 + 9 + 6?
3
Evaluate 8 + -13 + -3 - (0 + 0).
-8
What is the value of -1 + 0 + (3 - -2)?
4
-8 + (13 - (7 - 8)) - 2
4
-3 - (0 - -2 - 14)
9
What is the value of -1 - (-2 + -7 - (-6 - -2))?
4
Evaluate (5 - 3) + 2 + -11.
-7
Calculate 13 + -12 - (2 + 0 - 5).
4
-2 + (-4 + 5 - -2) + 3
4
Calculate (-17 - (-14 + 5)) + (2 - -1).
-5
What is the value of 0 + (0 - -2 - 4)?
-2
What is -12 + 1 - (-36 + 27)?
-2
-1 + 5 + (-1 - (-1 + 1))
3
Calculate (-5 - -3 - 1) + (3 - 0).
0
What is -4 + (-4 - -3) + (17 - 12)?
0
What is 1 + (0 + 5 + -8 - 2)?
-4
Calculate 3 + (-1 - 0) - (0 - 2).
4
What is 1 + (-3 - -1) + -3 + 1?
-3
What is (6 - 13) + -1 + 3 + 12?
7
Evaluate (-8 - (-7 + -8)) + -7.
0
-3 + (4 - (-2 - -3) - -1)
1
What is (-2 - 0) + -3 + 6 + -2?
-1
Calculate (6 - 6) + -3 + 2.
-1
-2 - (0 - 3) - -2
3
Evaluate (-11 - (-6 - -3)) + 8.
0
Calculate ((-1 - 3) + 9 - 5) + 1.
1
Evaluate -3 + 1 + 8 + -2.
4
What is the value of 2 + -3 + -1 - (-3 - -2)?
-1
What is 0 + -10 + 2 + 3 + 3?
-2
What is the value of 0 + 1 - (-55 + 52)?
4
-8 + 5 - -4 - 1
0
(-12 - -18) + 5 - 19
-8
Calculate 10 - 1 - (-1 - -17).
-7
What is 9 + -15 + (-4 - (-2 - 1))?
-7
Evaluate (5 - 1) + -8 + 1.
-3
What is the value of (19 - 13 - -6) + -8?
4
Calculate -11 - (-2 + -1) - (-2 - 5).
-1
What is -4 + 3 + -1 + -2 + 3?
-1
What is the value of 0 + -3 - (-3 + 2 + -1)?
-1
Evaluate 12 - (12 + -6 + 4).
2
20 + -16 - (-1 - -1 - -1)
3
What is -4 - ((-21 - -17) + (5 - 1))?
-4
What is the value of -6 + 1 + 1 + 8?
4
Evaluate -4 - -4 - (4 - 1 - -4).
-7
What is the value of (-1 - -7) + 0 + -8 + 2?
0
What is the value of -7 + (1 - 3) - (84 - 87)?
-6
Evaluate -4 - (0 + -4 + -29 + 24).
5
5 - -2 - (-4 - 3 - -17)
-3
2 + 1 + -7 + 144 + -137
3
Evaluate (-7 - 0) + (5 - -3).
1
What is -1 + 2 + (-8 - -6)?
-1
Calculate 7 + -2 - (0 - -3).
2
Calculate 2 - (-4 + -3 + 5 - -1).
3
Evaluate -2 + 16 + -5 - 12.
-3
Calculate (0 - -1) + 2 - (1 + 7).
-5
Calculate 10 + (-4 - -1) + -3.
4
What is the value of -7 + -15 + 31 + -13?
-4
Evaluate 5 + (0 + 4 + -2 - 2).
5
What is the value of (15 - (5 - -5)) + -1?
4
-8 + (-3 - -4) + 4 + 1
-2
What is the value of 25 - 19 - (9 - 3)?
0
8 - (5 + 4) - (2 - -1)
-4
What is -5 + 5 + (-1 - 3)?
-4
What is the value of -2 + (8 - 4) + -5?
-3
Calculate (-6 - -7) + 4 - 8.
-3
What is the value of -3 + -1 + (9 + 2 - 11)?
-4
2 - 3 - (4 - 7)
2
-138 + 142 + (1 - 1)
4
5 + (0 - (1 + 1))
3
What is the value of -2 + (0 - -2) - (61 + -61)?
0
What is the value of -30 - -33 - (-1 + 0)?
4
Evaluate 1 + -6 + -2 - -2.
-5
Calculate (18 - 1) + -10 - (5 - 1).
3
-7 - (-5 - -5) - -5 - 1
-3
2 + -4 + -4 + 4 + -2
-4
What is the value of -7 - -2 - (2 + -2)?
-5
What is -2 - (11 - 1) - (4 + -10)?
-6
-5 + 1 - (-7 - -4)
-1
4 - (3 - (-3 + 3 + 4))
5
Calculate -3 + -2 + 1 - 2.
-6
What is the value of -2 + (0 - 0) + 2 - 2?
-2
Calculate 3 - (6 - (4 + 0)).
1
0 + 7 + 0 